-14 + (-8 - -1)?
-5
Evaluate 5 + -1 - (41 - 36).
-1
-2 - (4 - 2) - 1
-5
Calculate 11 - (-12 + 35) - -6.
-6
(2 - 0 - 8) + 13
7
Evaluate 4 - -4 - (-3 + 7).
4
Calculate (0 - 3) + 1 - (-9 - -10).
-3
What is the value of 2 - 1 - (-6 + 8)?
-1
Evaluate 2 + (-5 - -4 - (5 + -1)).
-3
Calculate 6 + (5 - 2) + -4.
5
-6 - (-1 + 2 - 0 - 2)
-5
Calculate 2 + -1 + -1 + 0 + -3.
-3
Calculate -10 + 22 + (-5 - 4).
3
Calculate -2 - (-6 + 11 - 5).
-2
What is (3 - (-7 - (-2 - -2))) + -4?
6
What is (4 - 1) + -5 - (-8 - -4)?
2
What is -1 - ((5 - 4) + -8) - 2?
4
(-6 - -9) + (1 - 6)
-2
What is 1 - (-4 - (6 - 7) - -2)?
2
What is the value of -3 + 3 + -6 + 4?
-2
Calculate -5 + (3 - 9 - -6 - 0).
-5
What is the value of -57 - -62 - (14 - (1 + 0))?
-8
-142 + 149 + (-8 - -2 - 2)
-1
What is 4 + -1 + (4 - 3)?
4
What is -4 - (-4 + 1) - 0?
-1
What is the value of (10 - -3) + (1 - 6)?
8
What is the value of 1 + 3 + -4 + -3 + 8?
5
Calculate 1 + -3 + -41 + 44.
1
Calculate -9 - (-3 + 7 + -12).
-1
2 - (2 + 4 - 11)
7
(8 - 21 - -8) + (-3 - -1)
-7
What is 0 + (0 - (2 + -5))?
3
0 + (2 - 5) - -2
-1
What is 0 - (-4 - (5 - (4 + 4)))?
1
What is the value of 12 + -1 + -4 - 4?
3
What is the value of 6 - 2 - (1 + 0)?
3
(-1 - 4) + (-22 - -22) + 12
7
Calculate -6 + 5 + 5 - 4.
0
(4 - 11) + (-6 - -5 - -3)
-5
0 - 4 - 2 - (2 - 3)
-5
Evaluate -3 + (-4 + -1 + 7 - -5).
4
(-3 - -6) + -2 - (2 + -5)
4
Evaluate -11 - 0 - (32 + -40).
-3
5 + (5 - 1 - 5) + -10
-6
-12 + 11 - (-4 + (6 - 6))
3
What is 5 - (-1 + 1) - (-389 + 394)?
0
Calculate -1 + -1 + 7 + (-6 - -2).
1
What is 0 - -2 - (9 + -7)?
0
(1 - 2) + (-2 - 2) - -1
-4
What is the value of -3 + -7 + -2 + 1 - -6?
-5
Evaluate 0 + (-1 - (-3 + 0 - 0)).
2
Calculate -3 + (1 - -1 - (0 - 2)).
1
What is the value of 5 + (9 - 0) + -9 + -2?
3
Calculate (-1 - -3) + 5 - (12 - 14).
9
Evaluate 2 + -4 - -3 - 5.
-4
What is 2 + 0 + -1 - (-2 + 3)?
0
What is (-1 - 0) + (-10 - -6) + 5?
0
What is the value of (49 - 57) + (0 - -1)?
-7
Calculate (0 + 1 - (51 + -47)) + 0.
-3
What is the value of 0 + (-3 - -13) + -9?
1
-2 - (0 + 0 - (-4 + 1))
-5
What is (-1 + -4 - 1) + 1?
-5
What is the value of -3 - (1 - (8 - 4))?
0
Evaluate 173 + -164 - (18 - (-2 + 1)).
-10
What is -1 - -2 - (-15 - (-37 - -21))?
0
-7 - (-14 - 0) - 12 - -8
3
Evaluate 2 - -11 - 10 - (0 - -1).
2
What is -3 + -2 + 8 + 3 - 4?
2
What is 3 - (1 + -4 + 19 + -17)?
4
Evaluate -7 + 10 + -16 + 14.
1
Calculate 1 - (1 - 5 - (-1 + -2)).
2
Evaluate 7 - 1 - 3 - -1.
4
What is 8 - (9 + 3) - (2 + -4)?
-2
Calculate (-6 - (3 + -5)) + -4.
-8
What is -12 + 3 - (-17 - -10)?
-2
Calculate -3 - ((-1 - 1) + (-8 - -12)).
-5
Calculate 0 + 2 + (-42 - -41).
1
3 + -3 + 4 + -6
-2
-3 - -5 - (-9 + 9)
2
What is the value of -103 - -113 - (2 - -4)?
4
What is 3 - (6 - (0 - (-3 - -1)))?
-1
Calculate (12 + -8 - -1) + -3.
2
Calculate -15 + 13 + (-2 - 0) - 0.
-4
What is -3 - (9 - 12 - -2)?
-2
-1 + 0 - 0 - (-81 - -86)
-6
What is the value of (-39 - -41) + 3 + 0?
5
(-1 - 2) + 2 - (13 + -6)
-8
(-1 - 5) + (-9 - -13)
-2
1 - (4 + (1 - (0 - 0)))
-4
-2 - (2 + (-1 - 4))
1
What is 4 + 4 + -18 + -1 + 0?
-11
1 - (2 - 3 - (-7 - -8))
3
What is (-3 - (-1 + 1)) + (44 - 51)?
-10
Calculate (1 - -7) + 42 + -47.
3
-11 + -3 + (7 - -1)
-6
Calculate -3 - (-4 - 1) - 5.
-3
What is the value of -74 + 87 + 0 + -8?
5
What is -1 - -9 - (-18 - -21)?
5
What is -4 + (-1 - (-2 - -2))?
-5
What is the value of 2 + 2 - (9 + -3)?
-2
What is the value of -5 - ((-8 - -4) + -4 + 6)?
-3
(-2 - -8) + -7 + 2 + 3
4
What is 2 + (6 - 8) + 7 + -4?
3
Calculate (0 - 2) + -8 + 5 + 4.
-1
Evaluate 16 - 11 - 10 - -1.
-4
What is the value of (10 - (-6 + 17)) + -7?
-8
-1 + 4 + -2 + 1
2
Evaluate (1 + -10 - -4) + 0 + 1.
-4
1 + -3 + 6 + 6
10
What is -9 + 16 + -12 - (-1 - -3)?
-7
Calculate -3 + (-1 - -4) + 1 - 2.
-1
Calculate -4 - (-6 - -2) - -2.
2
Calculate (-5 - -6) + 1 - 5.
-3
What is the value of 10 + -2 + -1 - 2?
5
3 - (2 - 2 - 0 - -5)
-2
What is -11 + 5 - (2 + -4)?
-4
(-4 - -2) + (0 - 1) + 0
-3
What is the value of -1 + 0 - (-10 + -4 + 13)?
0
Calculate 197 + -199 + -1 + 4 + -1.
0
Calculate (14 - 10) + -12 + 2.
-6
Evaluate 7 + -5 + -6 + (8 - -5).
9
What is the value of (-3 - 1) + 28 + -19?
5
(-3 - (0 + -2)) + 10 + -12
-3
What is 0 + -13 + -65 + 78?
0
Calculate -3 + (-1 + 1 - 2 - 0).
-5
Calculate -3 + 8 + -10 + 3 + -8.
-10
-4 - 2 - -2 - (0 - 2)
-2
What is -13 + (0 - -14 - 6) + 2?
-3
What is -17 - -14 - (0 + 4)?
-7
Evaluate 1 + (3 - (9 + -5)).
0
(21 - 10 - 7) + -2 + -6
-4
Evaluate -4 - ((9 - 8) + 2).
-7
What is the value of 7 + -5 + 0 + -6?
-4
Evaluate -2 - (8 + -25 + 10).
5
(1 + -5 + 3 - 4) + 7
2
Evaluate 0 + -1 - (12 - 13).
0
Calculate 1 - (9 + -6 - 2).
0
What is -11 + 4 - -3 - -9?
5
Evaluate -1 - (6 + -5 + -5).
3
What is the value of -8 - (-6 + (-8 - -3)) - -3?
6
-9 - -1 - (7 + -17 + 4)
-2
What is the value of -2 + (-7 - (-4 + -1))?
-4
What is the value of 4 - (-3 - -5) - (-2 + -1)?
5
Calculate -2 + (-1 - (5 - 2)) - -5.
-1
What is the value of -2 + -1 + 8 - (49 - 45)?
1
What is -6 - (3 + -4 - 2)?
-3
What is the value of 2 + (-1 - (-1 - -4))?
-2
What is 6 + -6 + (0 - -4) + 1?
5
1 - (-12 - (7 + -13))
7
What is the value of 3 + (-9 + 2 - -1) + -2?
-5
What is the value of (2 - 7) + 2 - -3?
0
-5 + (5 - 2) - (-11 - -11)
-2
Calculate 1 + 1 + -2 + 1.
1
Evaluate 17 + 2 + -4 + -10 + 4.
9
(6 - 4) + 0 + 2
4
What is (5 - (-5 + 11)) + -3?
-4
What is the value of (-3 + 3 - 1) + (-11 - -4)?
-8
Calculate 5 + (-12 - (-2 - 2)).
-3
What is the value of (-1 - 1) + 15 + (-15 - -3)?
1
Calculate (9 - 3) + 4 + -7.
3
7 - 2 - (-6 - -10)
1
What is -3 - -4 - (4 - 3 - 6)?
6
Evaluate -7 - (2 + -5) - -6.
2
What is 1 + 0 + -5 + (6 - 0)?
2
Calculate -4 - (-15 - -5) - (0 - -2).
4
Calculate 4 + (-2 - (4 - 6)).
4
What is 3 + 0 + -2 - (3 - 0)?
-2
What is the value of -3 - -4 - 7 - (0 - 11)?
5
What is the value of -6 - (8 + (-11 + -1 - -5))?
-7
0 + -3 - -5 - 7
-5
(6 + -6 - 4) + (15 - 1)
10
Evaluate -9 - (-10 - (12 + -24)).
-11
What is 2 + ((-1 - -3) + -6 - -6)?
4
5 + (-5 - 0 - 0)
0
Evaluate (-17 - -15) + (-2 - (-3 - -2)).
-3
What is -2 - (-3 + -5 - -1)?
5
Calculate -3 + (2 - 6) + 4.
-3
Calculate -2 + 2 - -1 - (-14 + 17).
-2
What is the value of 0 + (-4 + 8 - 1) + 1?
4
Calculate -3 - (0 - (2 - -2) - -2).
-1
-2 + (3 - 4) + 7
4
Evaluate (-1 - -4) + 23 + -35.
-9
Calculate -5 + 0 - (-4 - (-3 - -1)).
-3
What is 5 - 1 - (-10 + 14)?
0
What is 5 + (-4 + -4 - -8 - -1)?
6
What is -1 + (4 - -1) - (-10 - -10)?
4
Calculate 4 + 2 + 2 + -3.
5
(-3 - -1) + (-17 - -20)
1
0 - (2 + (3 - (9 - 2)))
2
Calculate 2 + 4 - (6 - 2).
2
What is -8 - (-77 + 76 + (-1 - 8))?
2
What is -1 - (2 - -3 - 5)?
-1
1 + -2 + -3 - (-5 - -4)
-3
What is the value of (14 - 9) + (1 - 7)?
-1
(5 + -2 - -5) + -6
2
-7 - -17 - (3 + 2)
5
Evaluate -4 + 3 - (-3 - 1).
3
-15 + (2 + 7 - -1)
-5
What is 0 - (3 - -2) - (-44 - -42)?
-3
What is the value of -2 + 10 + -5 - 0?
3
What is (-1 - 2 - -6) + (-10 - -3)?
-4
What is 1 - (1 - 4) - 4?
0
(11 - -1 - 8) + -9
-5
Calculate -5 + -4 - ((-14 - -8) + 2).
-5
4 - (6 - (8 - 4))
2
Evaluate (0 - -1 - 1) + (41 - 47).
-6
What is the value of -17 + 12 - (-2 - 10)?
7
What is the value of 3 + -1 + -3 + 3 - 2?
0
Evaluate -3 - ((-9 - -2) + 4).
0
Evaluate (8 + -5 - (1 - -16)) + 7.
-7
2 + (7 - (4 - -1) - 1)
3
Calculate 0 + -3 - -4 - 3 - -2.
0
What is -6 - (1 - 1) - -2?
-4
Evaluate -1 + (12 - 4 - 3).
4
Evaluate -2 - ((3 - (7 - 1)) + -4).
5
What is -2 + (0 - (-4 + 3)) + 5?
4
What is -4 + 1 - (-8 - 2)?
7
What is 10 - (10 - (5 + 1))?
6
What is 18 + -15 + -1 + 3?
5
Calculate -3 - (-17 + 10) - (-3 + 2).
5
-3 + 6 + 5 + -11
-3
What is 1 - (2 - -2) - -3 - -4?
4
(-6 - 8) + 14 + (9 - 0)
9
Calculate 10 + (-7 - (10 - 3)).
-4
-9 - -6 - (-7 + 1) - 0
3
(15 - (17 - 8)) + 0 + -3
3
4 + (-6 - (1 + 0 + -4))
1
Calculate -1 - 4 - -5 - -5.
5
What is (-4 - (5 + -4)) + -1 + -1?
-7
1 + -19 + (-5 - -15)
-8
-23 - -19 - (3 + -3)
-4
Evaluate (-270 - -276) + 1 + (-5 - 1).
1
What is (8 - (7 + -3 + -1)) + -3?
2
What is -4 + -1 + -3 + 4?
-4
What is 0 + 0 + 3 + -4?
-1
What is (12 - (4 - 0)) + -6 + 1?
3
Evaluate (-1 - (2 - 2)) + (6 - 2).
3
90 - 86 - (2 - (1 + 0))
3
What is 3 + 7 - (0 - -11)?
-1
Calculate (3 - 7) + 6 + -2.
0
What is the value of 2 - (8 + -15 - -3)?
6
Calculate -4 + 1 - (3 + -2 + -1).
-3
Calculate (-7 - (-9 - -6)) + (-1 - -9).
4
What is the value of 0 + -3 + 5 + -7?
-5
Calculate -9 + (6 - (0 + -7)).
4